. Suppose n*i = 64 - 12. What is the highest common factor of m and i?
13
Suppose -16 = -4*q + 4. Let y be (-3 + q)*((2 - 0) + 17). Calculate the greatest common divisor of y and 266.
38
Let y be 54/12 + 2/(-4). Suppose 0 = 2*b - 2*g + 2, -2*g - 1 = 5*b + y. Let k be 34/4 + b/(-2). What is the greatest common divisor of 81 and k?
9
Suppose -m - 3 = -2*m. Suppose -m*k = -60 - 0. Calculate the highest common factor of k and 10.
10
Let s(k) = -15*k - 13 + 146*k**2 + 3*k - 147*k**2. Let i be s(-9). Calculate the greatest common factor of 154 and i.
14
Let x(a) be the second derivative of 0 + 1/6*a**3 + 1/12*a**4 + 2*a - 2*a**2. Let w be x(6). Calculate the greatest common divisor of w and 19.
19
Let k be (-2 - (-68)/14)/(14/49). Calculate the highest common divisor of 75 and k.
5
Suppose -14 = -3*c - 5. Let u(x) = 5*x + 24. Let y(m) = -m. Let n(f) = u(f) + 6*y(f). Let h be n(-9). What is the highest common factor of c and h?
3
Let j(q) = -q**2 + 3*q + 2. Let u be j(3). Let d = -51 - -51. Suppose 2*m = -d + 16. What is the greatest common factor of u and m?
2
Suppose -3*a - a + 20 = 0. Let s(k) = 5 - k - 3 + a. Let v be s(-6). Calculate the highest common factor of v and 39.
13
Let f(s) = 6*s**2 - 67*s - 259. Let z be f(-4). What is the greatest common divisor of z and 805?
35
Let i be (-1)/(4/15)*-4. Suppose -10*y + 2700 = -5*y. Suppose 120 = -4*d + y. What is the greatest common divisor of i and d?
15
Let m = 2045 + 2580. Calculate the highest common divisor of m and 125.
125
Suppose -2 = -0*a - 2*a, -3*u + 4*a = 28. Let z(h) = -h**2 - h + 1. Let l be z(1). Let q be (l - 1)/4*u. What is the highest common factor of 12 and q?
4
Suppose -540 = -5*r - 140. Let h be -2 - (1 + -1 - -1 - 13). What is the greatest common factor of h and r?
10
Let i be 23 + 5346/(-234) - (-152)/26. What is the greatest common factor of 138 and i?
6
Let o = 149 + -39. Let c = 1296 + -1286. What is the greatest common factor of o and c?
10
Suppose 0 = -3*l + 445 + 83. Suppose -j - 11*a + 40 = -8*a, -2*j + 5*a = 8. Calculate the greatest common factor of l and j.
16
Let w be 4/10 + 68/5. Let n be (7/(-4))/(2/(-48)). Suppose -h = -3*h + n. What is the greatest common divisor of h and w?
7
Suppose 2*f - 4*f = -3*b + 41, -2*b = 5*f - 59. Calculate the highest common factor of 629 and b.
17
Suppose -4*k + 3*k + 5*i = -149, -4*k + 3*i = -630. Let o = k - 87. Calculate the highest common factor of 8 and o.
8
Suppose q - 70 = -3*f, -15 = -58*f + 57*f - 2*q. Let p(w) = -41*w - 5. Let h be p(-5). What is the greatest common divisor of h and f?
25
Let g(l) = l + 1. Let r be g(3). Let f be (-2)/((4 - r) + -1). Calculate the highest common divisor of 6 and f.
2
Let o(m) = -m**3 + 7*m**2 + 9*m - 2. Let v be o(6). Calculate the greatest common divisor of 11 and v.
11
Suppose 4*v - 12 + 8 = 0, 2*v + 4903 = 5*m. What is the highest common factor of m and 9?
9
Let g(c) = -c**3 + 5*c**2 - 7*c + 132. Let j be g(0). Calculate the highest common factor of 99 and j.
33
Suppose -14*b + 9*b = 4*s - 494, -3*s + 297 = 3*b. Calculate the highest common divisor of b and 147.
49
Let d(i) be the third derivative of 0*i + 4*i**2 - 1/2*i**3 + 11/24*i**4 + 0. Let c be d(13). What is the greatest common factor of c and 20?
20
Suppose -7 = 3*k - 4*k. Suppose 0*m - k*m + 63 = 0. Calculate the greatest common factor of 9 and m.
9
Let q = -2141 - -3410. Calculate the highest common divisor of 27 and q.
27
Suppose -g + 424 = -v + 3*v, 0 = -v + 3. Suppose 4*s + 3*n + 2*n - 331 = 0, 0 = -5*s - 2*n + g. Calculate the highest common factor of 28 and s.
28
Let s(f) = 5*f + 1. Let m be s(1). Suppose 2 = -7*g - 383. Let j = 59 + g. Calculate the highest common factor of j and m.
2
Let l(q) = 7*q + 118. Let i be l(-14). What is the greatest common divisor of 1 and i?
1
Let f(w) = -3*w + 10. Let t be f(4). Let u = t - -156. Suppose 2*l - l - u = 0. Calculate the highest common factor of l and 14.
14
Suppose 8*i - 7*i + 10 = 2*k, -5 = -k + 2*i. Suppose -27 - 65 = -4*l - k*r, -2*r = 5*l - 98. Calculate the greatest common divisor of 18 and l.
18
Let h be (-3)/(-12) + (-4563)/(-52). Let m be 5 + -4 + 20/2. Calculate the highest common divisor of m and h.
11
Let k(b) = -b**3 + 34*b**2 - 63*b - 7. Let t be k(32). Calculate the highest common factor of 1975 and t.
25
Let w be (-1)/(-6) - 3395/(-42). What is the highest common factor of w and 108?
27
Let l(i) = i**3 - 7*i**2 + 2*i - 13. Let s be l(7). Let o be -2*s/7 + (-10300)/(-35). Calculate the highest common factor of o and 42.
42
Let j(k) = k**3 - 10*k**2 + 6*k + 1. Let o be j(5). Let i = 18 - o. Suppose 4*c = 4*x - 0*x + 44, 5 = x. Calculate the highest common divisor of c and i.
16
Let i be (-6 - -3)*10/(-6). Suppose -31 = -3*f + 4*z + 36, -i*f + 140 = -z. Calculate the greatest common divisor of 261 and f.
29
Let k(r) = -r**2 + r + 1. Let y(g) = g**2 - 6*g - 5. Let x(q) = -5*k(q) - y(q). Let v be x(4). Calculate the highest common divisor of 17 and v.
17
Let o(x) = x + 26. Let b be o(-8). Suppose 0 = 7*u - 31 - b. What is the greatest common factor of 77 and u?
7
Let h be 1 + -193 - 144/(-24). Suppose -212 - 440 = -2*y + 2*v, 4*v = 12. Let w = h + y. What is the greatest common factor of w and 13?
13
Let k(a) = a**3 + 3*a**2 - 2*a. Let v be k(-3). Suppose 106*d = 114*d - 48. What is the greatest common factor of d and v?
6
Let a = 11682 + -5463. Let w be (-1)/7 + 0 + a/21. What is the greatest common factor of w and 37?
37
Let x = 71 + -71. Suppose x = 8*z - z - 203. What is the greatest common factor of z and 203?
29
Let f = 387 + -551. Let x = -47 - f. Suppose -6*z = -4*z - 26. Calculate the highest common factor of x and z.
13
Let l be (44/(-8))/((-1)/(-2)). Let m(i) = -i + 9. Let j be m(l). Let r be (-5)/j - 314/(-8). What is the highest common divisor of 13 and r?
13
Suppose -3*d - 4*j + 388 = 0, 5*d + j = 50 + 574. Calculate the highest common divisor of 2852 and d.
124
Suppose 17 = 4*t - 19. Suppose 0*f - g - 33 = -4*f, -g = 2*f - t. Suppose -5*s = 14 - 49. What is the greatest common divisor of s and f?
7
Let c(v) = -7*v**3 - 2*v**2 - v. Let f be c(-4). Calculate the greatest common divisor of f and 105.
105
Let p(f) = f**3 - 4*f**2 - 3*f + 2. Let h be p(5). Let m be 3/((h/(-15) - -1)*3). Calculate the highest common factor of m and 45.
5
Suppose -h + 18 = 4*k, 3*h = -2*h + 5*k - 10. Let r be h + -2 - (0 + -4). Suppose 38 = r*y - 2. What is the highest common divisor of 15 and y?
5
Suppose 32 = 15*l - 7*l. Let t be (0 - -1 - -42)*1. Suppose t - 7 = z. Calculate the greatest common divisor of l and z.
4
Let z = -3495 + 3501. Let d be (1 - 0)*72/2. Calculate the highest common divisor of d and z.
6
Let z be 1 + (0 - -2) + 9. Suppose -z*c + 11*c = -63. Calculate the highest common divisor of c and 9.
9
Let y = -61 + 67. Suppose -188 = -y*b + 76. Suppose -2*n - 8 = -4*n. Calculate the greatest common divisor of n and b.
4
Let b(h) = h + 10. Let q be b(-3). Let y(w) = w**2 + 7*w - 8. Let r be y(q). What is the greatest common divisor of 9 and r?
9
Suppose 0 = y + 5, 0 = -2*k - 3*k - 5*y - 50. Let a = k - -7. Let v be (3/3)/(1/18). What is the greatest common divisor of a and v?
2
Let f be (-2)/(-4) + 1/(-2). Let g be 38 + 2/1 + f. Suppose 0*m - m = -g. Calculate the greatest common divisor of m and 5.
5
Let j be 15 + (-2)/(7/((-210)/(-12))). Calculate the greatest common divisor of 15 and j.
5
Let o = 88 + -77. Let d be 12*-6*(-3)/12. Let b = 73 - d. What is the greatest common divisor of b and o?
11
Suppose -6*l + 20 = -358. What is the highest common factor of 45 and l?
9
Let h(g) = -15*g**3 + g**2 - g - 1. Suppose -u = u - 6. Let w be -2 + (2 - (u - 2)). Let p be h(w). What is the greatest common factor of p and 2?
2
Let b(l) = -17*l - 7*l + 39*l + 3. Let k be b(4). Calculate the highest common factor of 189 and k.
63
Suppose v - 2541 = -10*v. Calculate the highest common divisor of v and 132.
33
Let q(z) = 10*z**3 + z**2 - 1. Let g be q(-2). Let v = -51 - g. Let f = 54 - v. Calculate the greatest common factor of 42 and f.
14
Let k(j) = 6*j**2 + 3*j + 2. Let i be k(5). Let g = i - 107. What is the greatest common divisor of g and 20?
20
Suppose -5*t - 695 = 3*r - 21165, -4*r = -6*t + 24602. What is the highest common divisor of t and 17?
17
Suppose 7*q - 34